{"id":5981,"date":"2014-07-06T14:02:09","date_gmt":"2014-07-06T13:02:09","guid":{"rendered":"http:\/\/www.lapsalettedebruxelles.be\/?page_id=5981"},"modified":"2026-04-09T13:48:17","modified_gmt":"2026-04-09T12:48:17","slug":"a-propos","status":"publish","type":"page","link":"https:\/\/www.lapsalettedebruxelles.be\/?page_id=5981","title":{"rendered":"Pr\u00e9sentation"},"content":{"rendered":"\r\n<p class=\"has-text-align-center wp-block-paragraph\"><span style=\"font-size: 14pt;\"><img loading=\"lazy\" decoding=\"async\" class=\"alignnone wp-image-11988 size-full\" src=\"https:\/\/www.lapsalettedebruxelles.be\/wp-content\/uploads\/2025\/08\/2025-06-13_17-09-15-scaled.jpg\" alt=\"\" width=\"2560\" height=\"1707\" srcset=\"https:\/\/www.lapsalettedebruxelles.be\/wp-content\/uploads\/2025\/08\/2025-06-13_17-09-15-scaled.jpg 2560w, https:\/\/www.lapsalettedebruxelles.be\/wp-content\/uploads\/2025\/08\/2025-06-13_17-09-15-300x200.jpg 300w, https:\/\/www.lapsalettedebruxelles.be\/wp-content\/uploads\/2025\/08\/2025-06-13_17-09-15-1024x683.jpg 1024w, https:\/\/www.lapsalettedebruxelles.be\/wp-content\/uploads\/2025\/08\/2025-06-13_17-09-15-768x512.jpg 768w, https:\/\/www.lapsalettedebruxelles.be\/wp-content\/uploads\/2025\/08\/2025-06-13_17-09-15-1536x1024.jpg 1536w, https:\/\/www.lapsalettedebruxelles.be\/wp-content\/uploads\/2025\/08\/2025-06-13_17-09-15-2048x1365.jpg 2048w\" sizes=\"auto, (max-width: 2560px) 100vw, 2560px\" \/><span style=\"font-size: 12pt;\">.<\/span><\/span><\/p>\r\n\r\n\r\n\r\n<p class=\"wp-block-paragraph\"><span style=\"font-size: 12pt;\">La Psalette de Bruxelles est un ch\u0153ur d\u2019amateurs qui existe depuis 1961. Elle est compos\u00e9e d\u2019environ 50 choristes, qui partagent leur plaisir de chanter chaque semaine \u00e0 Woluwe-Saint-Lambert.<\/span><\/p>\r\n\r\n\r\n\r\n<p class=\"wp-block-paragraph\"><span style=\"font-size: 12pt;\">Notre r\u00e9pertoire est tr\u00e8s diversifi\u00e9, et va du classique au profane en parcourant toutes les \u00e9poques, de la Renaissance \u00e0 la musique contemporaine.<\/span><\/p>\r\n\r\n\r\n\r\n<p class=\"wp-block-paragraph\"><span style=\"font-family: 'Arial', sans-serif;\">R\u00e9sum\u00e9 des dates cl\u00e9s et chefs.fes :<\/span><\/p>\r\n\r\n\r\n\r\n<p class=\"wp-block-paragraph\"><span style=\"font-size: 12pt; font-family: 'Arial', sans-serif;\">De 1961 \u00e0 2001, La Psalette a \u00e9t\u00e9 dirig\u00e9e par un et un seul chef\u00a0: Franz Castin avec qui la chorale a f\u00eat\u00e9 4 anniversaires importants (10, 20, 30 et 40 ans\u00a0!)<\/span><\/p>\r\n\r\n\r\n\r\n<p class=\"wp-block-paragraph\"><span style=\"font-size: 12pt; font-family: 'Arial', sans-serif;\">De 2002 \u00e0 2012, ce fut l\u2019\u00e8re de Victor Gilmard, sous l\u2019\u00e9gide de qui La Psalette a f\u00eat\u00e9 ses 50 ans, en interpr\u00e9tant des valses de Brahms.<\/span><\/p>\r\n\r\n\r\n\r\n<p class=\"wp-block-paragraph\"><span style=\"font-size: 12pt;\">De 2013 \u00e0 2017, La Psalette fut dirig\u00e9e par David Navarro Turres, dont l\u2019enthousiasme nous a conduits vers de beaux succ\u00e8s publics (pour plus de d\u00e9tails, voyez la page <span style=\"color: #800000;\"><strong><a href=\"https:\/\/www.lapsalettedebruxelles.be\/?page_id=5998\" target=\"_blank\" rel=\"noopener noreferrer\">Notre histoire<\/a><\/strong><\/span>).<\/span><\/p>\r\n\r\n\r\n\r\n<p class=\"wp-block-paragraph\"><span style=\"font-size: 12pt;\">De 2017 \u00e0 2023, nous avons chant\u00e9 sous la direction de Boris\u00a0Kondov\u00a0avec qui la chorale a f\u00eat\u00e9 de mani\u00e8re grandiose son 60<sup>\u00e8me<\/sup> anniversaire\u00a0!<\/span><\/p>\r\n\r\n\r\n\r\n<p class=\"wp-block-paragraph\"><span style=\"font-size: 12pt;\"><span lang=\"FR-BE\">En septembre 2024, nous passions sous la direction d\u2019un duo de cheffes : Charlotte Panouklia et <strong><a href=\"https:\/\/www.lapsalettedebruxelles.be\/?page_id=9116\" target=\"_blank\" rel=\"noreferrer noopener\" data-type=\"link\" data-id=\"https:\/\/www.lapsalettedebruxelles.be\/?page_id=9116\">Emma Barton-Smith<\/a>.\u00a0<\/strong>Deux nouvelles cheffes, un nouveau r\u00e9pertoire commun qui se cl\u00f4tura avec un concert riche en couleurs et -surtout- avec la d\u00e9couverte d\u2019une compositrice, Fanny Hensel-Mendelssohn, la s\u0153ur de\u2026 l\u2019autre \ud83d\ude09<\/span><\/span><\/p>\r\n\r\n\r\n\r\n<p class=\"wp-block-paragraph\"><span style=\"font-size: 12pt; font-family: 'Arial', sans-serif;\">Depuis septembre 2025, nous voguons sous la seule houlette d\u2019Emma Barton-Smith, avec un r\u00e9pertoire de compositeurs exclusivement fran\u00e7ais\u00a0!<\/span><\/p>\r\n\r\n\r\n\r\n<p class=\"wp-block-paragraph\"><span style=\"font-size: 12pt; font-family: 'Arial', sans-serif;\">D\u00e9barquement\u2026 du concert pr\u00e9vu le 6 juin 2026 (voir infos sur l\u2019affiche)<\/span><\/p>\r\n\r\n\r\n\r\n<p class=\"wp-block-paragraph\"><span style=\"font-size: 12pt;\">Si l\u2019atmosph\u00e8re \u00e0 La Psalette est studieuse lors des r\u00e9p\u00e9titions, elle n\u2019en est pas aust\u00e8re pour autant\u00a0! La complicit\u00e9 et l\u2019\u00e9mulation r\u00e9sultant d\u2019un travail collectif, la d\u00e9couverte de belles partitions et le bonheur ressenti \u00e0 chaque progr\u00e8s font qu\u2019il r\u00e8gne chez nous une excellente ambiance.<\/span><\/p>\r\n\r\n\r\n\r\n<p class=\"wp-block-paragraph\"><span style=\"font-size: 12pt;\">Et puis\u2026nous ne faisons pas que chanter\u00a0! Les liens solides et chaleureux que les choristes tissent entre eux gr\u00e2ce au chant et \u00e0 la musique sont encore renforc\u00e9s lors des activit\u00e9s annexes telles que barbecues, excursions et autres journ\u00e9es r\u00e9cr\u00e9atives.<\/span><\/p>\r\n\r\n\r\n\r\n<p class=\"wp-block-paragraph\">&nbsp;<\/p>\r\n\r\n\r\n\r\n<p class=\"wp-block-paragraph\">&nbsp;<\/p>\r\n","protected":false},"excerpt":{"rendered":"<p>.<br \/> La Psalette de Bruxelles est un ch\u0153ur d\u2019amateurs qui existe depuis 1961.<br \/> Elle est compos\u00e9e d\u2019environ 50 choristes, qui partagent leur plaisir de chanter chaque semaine \u00e0 Woluwe-Saint-Lambert.<br \/> Notre r\u00e9pertoire est tr\u00e8s diversifi\u00e9, et va du classique au profane en parcourant toutes les \u00e9poques, de la Renaissance \u00e0 la musique contemporaine.<br \/> R\u00e9sum\u00e9 des dates[\u2026]<\/p>\n","protected":false},"author":1,"featured_media":0,"parent":0,"menu_order":1,"comment_status":"closed","ping_status":"closed","template":"","meta":{"remove_blocks_before_content":false,"remove_blocks_after_content":false,"disable_reading_progress_bar":false,"_crdt_document":"","footnotes":""},"class_list":["post-5981","page","type-page","status-publish","hentry"],"_links":{"self":[{"href":"https:\/\/www.lapsalettedebruxelles.be\/index.php?rest_route=\/wp\/v2\/pages\/5981","targetHints":{"allow":["GET"]}}],"collection":[{"href":"https:\/\/www.lapsalettedebruxelles.be\/index.php?rest_route=\/wp\/v2\/pages"}],"about":[{"href":"https:\/\/www.lapsalettedebruxelles.be\/index.php?rest_route=\/wp\/v2\/types\/page"}],"author":[{"embeddable":true,"href":"https:\/\/www.lapsalettedebruxelles.be\/index.php?rest_route=\/wp\/v2\/users\/1"}],"replies":[{"embeddable":true,"href":"https:\/\/www.lapsalettedebruxelles.be\/index.php?rest_route=%2Fwp%2Fv2%2Fcomments&post=5981"}],"version-history":[{"count":15,"href":"https:\/\/www.lapsalettedebruxelles.be\/index.php?rest_route=\/wp\/v2\/pages\/5981\/revisions"}],"predecessor-version":[{"id":12082,"href":"https:\/\/www.lapsalettedebruxelles.be\/index.php?rest_route=\/wp\/v2\/pages\/5981\/revisions\/12082"}],"wp:attachment":[{"href":"https:\/\/www.lapsalettedebruxelles.be\/index.php?rest_route=%2Fwp%2Fv2%2Fmedia&parent=5981"}],"curies":[{"name":"wp","href":"https:\/\/api.w.org\/{rel}","templated":true}]}}