{"id":5887,"date":"2014-07-05T10:01:20","date_gmt":"2014-07-05T09:01:20","guid":{"rendered":"http:\/\/www.lapsalettedebruxelles.be\/?page_id=5887"},"modified":"2022-09-14T11:27:44","modified_gmt":"2022-09-14T10:27:44","slug":"nos-concerts","status":"publish","type":"page","link":"https:\/\/www.lapsalettedebruxelles.be\/?page_id=5887","title":{"rendered":"Concerts"},"content":{"rendered":"<div class=\"concert-performers\">\n<h2 class=\"concert-performer\" style=\"text-align: left;\" id=\"on-stage-11-juin-2022\"><strong>On Stage 11 juin 2022<\/strong><\/h2>\n<p style=\"text-align: justify;\"><\/p>\n\n<figure class=\"wp-block-image size-large\"><a href=\"https:\/\/www.lapsalettedebruxelles.be\/wp-content\/uploads\/2022\/04\/AFFICHE-PSALETTE.jpg\"><img loading=\"lazy\" decoding=\"async\" width=\"724\" height=\"1024\" class=\"wp-image-11447\" src=\"https:\/\/www.lapsalettedebruxelles.be\/wp-content\/uploads\/2022\/04\/AFFICHE-PSALETTE-724x1024.jpg\" alt=\"\" srcset=\"https:\/\/www.lapsalettedebruxelles.be\/wp-content\/uploads\/2022\/04\/AFFICHE-PSALETTE-724x1024.jpg 724w, https:\/\/www.lapsalettedebruxelles.be\/wp-content\/uploads\/2022\/04\/AFFICHE-PSALETTE-212x300.jpg 212w, https:\/\/www.lapsalettedebruxelles.be\/wp-content\/uploads\/2022\/04\/AFFICHE-PSALETTE-768x1086.jpg 768w, https:\/\/www.lapsalettedebruxelles.be\/wp-content\/uploads\/2022\/04\/AFFICHE-PSALETTE.jpg 842w\" sizes=\"auto, (max-width: 724px) 100vw, 724px\" \/><\/a>\n<figcaption class=\"wp-element-caption\"><em>Ce Concert anniversaire fut des plus festifs, joyeux et color\u00e9, avec un public extr\u00eamement nombreux et enthousiaste.<\/em>\n<em>Les 2 solistes et les 5 musiciens ont enchant\u00e9 la salle\u00a0!<\/em>\n<em>Que du bonheur pour nous choristes et pour notre super chef Boris qui a r\u00e9ussi un challenge de taille\u00a0: mener \u00e0 bien ce projet malgr\u00e9 les contraintes li\u00e9es \u00e0 la situation sanitaire depuis 2 ans.<\/em>\n<em>Boris\u00a0: \u00ab\u00a0J\u2019ai voulu constituer un programme qui d\u2019une part va surprendre les gens et amener un r\u00e9pertoire peu chant\u00e9 par les ch\u0153urs amateurs. D\u2019autre part, je voulais aussi toucher toutes les g\u00e9n\u00e9rations en allant chercher des pi\u00e8ces plus contemporaines avec les com\u00e9dies musicales et musiques de films. J\u2019esp\u00e8re que par ce programme, nous \u00e9veillerons des souvenirs, des \u00e9motions, de la nostalgie &#8230;\u00a0\u00bb<\/em>\n<em>Et oui, ce fut un r\u00e9el bonheur de partager ce projet avec un public merveilleux\u00a0!<\/em>\n<em>Et que dire de la 3\u1d49 mi-temps\u00a0? Un buffet et un bar bien garnis, un immense g\u00e2teau somptueux offert \u00e0 tous, et des visages souriants de toutes parts, vive les 60 ans et longue vie encore \u00e0 La Psalette\u00a0!<\/em>\n<\/figcaption><\/figure>\n<p style=\"text-align: justify;\"><\/p>\n\n<\/div>\n<div class=\"concert-description\">\n<p style=\"text-align: justify;\"><\/p>\n\n<\/div>","protected":false},"excerpt":{"rendered":"<p>On Stage 11 juin 2022<\/p>\n","protected":false},"author":1,"featured_media":0,"parent":0,"menu_order":2,"comment_status":"open","ping_status":"open","template":"","meta":{"remove_blocks_before_content":false,"remove_blocks_after_content":false,"disable_reading_progress_bar":false,"_crdt_document":"","footnotes":""},"class_list":["post-5887","page","type-page","status-publish","hentry"],"_links":{"self":[{"href":"https:\/\/www.lapsalettedebruxelles.be\/index.php?rest_route=\/wp\/v2\/pages\/5887","targetHints":{"allow":["GET"]}}],"collection":[{"href":"https:\/\/www.lapsalettedebruxelles.be\/index.php?rest_route=\/wp\/v2\/pages"}],"about":[{"href":"https:\/\/www.lapsalettedebruxelles.be\/index.php?rest_route=\/wp\/v2\/types\/page"}],"author":[{"embeddable":true,"href":"https:\/\/www.lapsalettedebruxelles.be\/index.php?rest_route=\/wp\/v2\/users\/1"}],"replies":[{"embeddable":true,"href":"https:\/\/www.lapsalettedebruxelles.be\/index.php?rest_route=%2Fwp%2Fv2%2Fcomments&post=5887"}],"version-history":[{"count":2,"href":"https:\/\/www.lapsalettedebruxelles.be\/index.php?rest_route=\/wp\/v2\/pages\/5887\/revisions"}],"predecessor-version":[{"id":11485,"href":"https:\/\/www.lapsalettedebruxelles.be\/index.php?rest_route=\/wp\/v2\/pages\/5887\/revisions\/11485"}],"wp:attachment":[{"href":"https:\/\/www.lapsalettedebruxelles.be\/index.php?rest_route=%2Fwp%2Fv2%2Fmedia&parent=5887"}],"curies":[{"name":"wp","href":"https:\/\/api.w.org\/{rel}","templated":true}]}}