{"id":11613,"date":"2023-08-12T10:11:00","date_gmt":"2023-08-12T09:11:00","guid":{"rendered":"https:\/\/www.lapsalettedebruxelles.be\/?page_id=11613"},"modified":"2024-09-02T11:34:57","modified_gmt":"2024-09-02T10:34:57","slug":"concert-6-juin-2023","status":"publish","type":"page","link":"https:\/\/www.lapsalettedebruxelles.be\/?page_id=11613","title":{"rendered":"2023"},"content":{"rendered":"<p><span style=\"font-size: 14pt;\">Concert du 23 juin \u2013 Eglise Notre-Dame du Blankedelle \u2013 Auderghem<\/span><\/p>\n<table style=\"border-collapse: collapse; width: 100%;\">\n<tbody>\n<tr>\n<td style=\"width: 46.6951%;\"><span style=\"font-size: 14pt;\"><img loading=\"lazy\" decoding=\"async\" class=\"aligncenter wp-image-11583 \" src=\"https:\/\/www.lapsalettedebruxelles.be\/wp-content\/uploads\/2023\/07\/Affiche-Northern-lights-page-001-212x300.jpg\" alt=\"\" width=\"283\" height=\"400\" srcset=\"https:\/\/www.lapsalettedebruxelles.be\/wp-content\/uploads\/2023\/07\/Affiche-Northern-lights-page-001-212x300.jpg 212w, https:\/\/www.lapsalettedebruxelles.be\/wp-content\/uploads\/2023\/07\/Affiche-Northern-lights-page-001-723x1024.jpg 723w, https:\/\/www.lapsalettedebruxelles.be\/wp-content\/uploads\/2023\/07\/Affiche-Northern-lights-page-001-768x1087.jpg 768w, https:\/\/www.lapsalettedebruxelles.be\/wp-content\/uploads\/2023\/07\/Affiche-Northern-lights-page-001.jpg 880w\" sizes=\"auto, (max-width: 283px) 100vw, 283px\" \/><\/span><\/td>\n<td style=\"width: 53.3049%;\"><span style=\"font-size: 14pt;\">Quel plaisir ce fut, d\u2019avoir chant\u00e9 des pi\u00e8ces in\u00e9dites, baltes et scandinaves\u00a0choisies pr\u00e9cieusement par notre chef Boris!<\/span><\/p>\n<p><span style=\"font-size: 14pt;\">Une tr\u00e8s belle d\u00e9couverte pour nous choristes et manifestement pour le public \u00e9galement\u00a0car nous avons eu un \u00e9norme succ\u00e8s\u00a0: applaudissements nourris, et retours positifs.<\/span><\/p>\n<p><span style=\"font-size: 14pt;\">Les bars et buffets n\u2019ont pas \u00e9t\u00e9 boud\u00e9s non plus et l\u2019on a pu y d\u00e9couvrir une bi\u00e8re artisanale d\u00e9licieuse, au mate, que 4 jeunes (dont le fils d\u2019une choriste) ont cr\u00e9\u00e9e : asbl Wonder Bru<\/span><\/td>\n<\/tr>\n<\/tbody>\n<\/table>\n<p><span style=\"font-size: 14pt;\"><img loading=\"lazy\" decoding=\"async\" class=\"alignnone size-medium wp-image-11722\" src=\"https:\/\/www.lapsalettedebruxelles.be\/wp-content\/uploads\/2023\/08\/01-300x200.jpg\" alt=\"\" width=\"300\" height=\"200\" srcset=\"https:\/\/www.lapsalettedebruxelles.be\/wp-content\/uploads\/2023\/08\/01-300x200.jpg 300w, https:\/\/www.lapsalettedebruxelles.be\/wp-content\/uploads\/2023\/08\/01-1024x683.jpg 1024w, https:\/\/www.lapsalettedebruxelles.be\/wp-content\/uploads\/2023\/08\/01-768x512.jpg 768w, https:\/\/www.lapsalettedebruxelles.be\/wp-content\/uploads\/2023\/08\/01-1536x1024.jpg 1536w, https:\/\/www.lapsalettedebruxelles.be\/wp-content\/uploads\/2023\/08\/01-2048x1365.jpg 2048w\" sizes=\"auto, (max-width: 300px) 100vw, 300px\" \/> <img loading=\"lazy\" decoding=\"async\" class=\"alignnone size-medium wp-image-11723\" src=\"https:\/\/www.lapsalettedebruxelles.be\/wp-content\/uploads\/2023\/08\/02-300x200.jpg\" alt=\"\" width=\"300\" height=\"200\" srcset=\"https:\/\/www.lapsalettedebruxelles.be\/wp-content\/uploads\/2023\/08\/02-300x200.jpg 300w, https:\/\/www.lapsalettedebruxelles.be\/wp-content\/uploads\/2023\/08\/02-1024x683.jpg 1024w, https:\/\/www.lapsalettedebruxelles.be\/wp-content\/uploads\/2023\/08\/02-768x512.jpg 768w, https:\/\/www.lapsalettedebruxelles.be\/wp-content\/uploads\/2023\/08\/02-1536x1024.jpg 1536w, https:\/\/www.lapsalettedebruxelles.be\/wp-content\/uploads\/2023\/08\/02-2048x1365.jpg 2048w\" sizes=\"auto, (max-width: 300px) 100vw, 300px\" \/> <img loading=\"lazy\" decoding=\"async\" class=\"alignnone size-medium wp-image-11724\" src=\"https:\/\/www.lapsalettedebruxelles.be\/wp-content\/uploads\/2023\/08\/03-300x200.jpg\" alt=\"\" width=\"300\" height=\"200\" srcset=\"https:\/\/www.lapsalettedebruxelles.be\/wp-content\/uploads\/2023\/08\/03-300x200.jpg 300w, https:\/\/www.lapsalettedebruxelles.be\/wp-content\/uploads\/2023\/08\/03-1024x683.jpg 1024w, https:\/\/www.lapsalettedebruxelles.be\/wp-content\/uploads\/2023\/08\/03-768x512.jpg 768w, https:\/\/www.lapsalettedebruxelles.be\/wp-content\/uploads\/2023\/08\/03-1536x1024.jpg 1536w, https:\/\/www.lapsalettedebruxelles.be\/wp-content\/uploads\/2023\/08\/03-2048x1365.jpg 2048w\" sizes=\"auto, (max-width: 300px) 100vw, 300px\" \/> <img loading=\"lazy\" decoding=\"async\" class=\"alignnone size-medium wp-image-11725\" src=\"https:\/\/www.lapsalettedebruxelles.be\/wp-content\/uploads\/2023\/08\/04-300x200.jpg\" alt=\"\" width=\"300\" height=\"200\" srcset=\"https:\/\/www.lapsalettedebruxelles.be\/wp-content\/uploads\/2023\/08\/04-300x200.jpg 300w, https:\/\/www.lapsalettedebruxelles.be\/wp-content\/uploads\/2023\/08\/04-1024x683.jpg 1024w, https:\/\/www.lapsalettedebruxelles.be\/wp-content\/uploads\/2023\/08\/04-768x512.jpg 768w, https:\/\/www.lapsalettedebruxelles.be\/wp-content\/uploads\/2023\/08\/04-1536x1024.jpg 1536w, https:\/\/www.lapsalettedebruxelles.be\/wp-content\/uploads\/2023\/08\/04-2048x1365.jpg 2048w\" sizes=\"auto, (max-width: 300px) 100vw, 300px\" \/> <img loading=\"lazy\" decoding=\"async\" class=\"alignnone size-medium wp-image-11726\" src=\"https:\/\/www.lapsalettedebruxelles.be\/wp-content\/uploads\/2023\/08\/05-300x200.jpg\" alt=\"\" width=\"300\" height=\"200\" srcset=\"https:\/\/www.lapsalettedebruxelles.be\/wp-content\/uploads\/2023\/08\/05-300x200.jpg 300w, https:\/\/www.lapsalettedebruxelles.be\/wp-content\/uploads\/2023\/08\/05-1024x683.jpg 1024w, https:\/\/www.lapsalettedebruxelles.be\/wp-content\/uploads\/2023\/08\/05-768x512.jpg 768w, https:\/\/www.lapsalettedebruxelles.be\/wp-content\/uploads\/2023\/08\/05-1536x1024.jpg 1536w, https:\/\/www.lapsalettedebruxelles.be\/wp-content\/uploads\/2023\/08\/05-2048x1365.jpg 2048w\" sizes=\"auto, (max-width: 300px) 100vw, 300px\" \/> <img loading=\"lazy\" decoding=\"async\" class=\"alignnone size-medium wp-image-11727\" src=\"https:\/\/www.lapsalettedebruxelles.be\/wp-content\/uploads\/2023\/08\/06-300x200.jpg\" alt=\"\" width=\"300\" height=\"200\" srcset=\"https:\/\/www.lapsalettedebruxelles.be\/wp-content\/uploads\/2023\/08\/06-300x200.jpg 300w, https:\/\/www.lapsalettedebruxelles.be\/wp-content\/uploads\/2023\/08\/06-1024x683.jpg 1024w, https:\/\/www.lapsalettedebruxelles.be\/wp-content\/uploads\/2023\/08\/06-768x512.jpg 768w, https:\/\/www.lapsalettedebruxelles.be\/wp-content\/uploads\/2023\/08\/06-1536x1024.jpg 1536w, https:\/\/www.lapsalettedebruxelles.be\/wp-content\/uploads\/2023\/08\/06-2048x1365.jpg 2048w\" sizes=\"auto, (max-width: 300px) 100vw, 300px\" \/> <img loading=\"lazy\" decoding=\"async\" class=\"alignnone size-medium wp-image-11728\" src=\"https:\/\/www.lapsalettedebruxelles.be\/wp-content\/uploads\/2023\/08\/07-300x200.jpg\" alt=\"\" width=\"300\" height=\"200\" srcset=\"https:\/\/www.lapsalettedebruxelles.be\/wp-content\/uploads\/2023\/08\/07-300x200.jpg 300w, https:\/\/www.lapsalettedebruxelles.be\/wp-content\/uploads\/2023\/08\/07-1024x683.jpg 1024w, https:\/\/www.lapsalettedebruxelles.be\/wp-content\/uploads\/2023\/08\/07-768x512.jpg 768w, https:\/\/www.lapsalettedebruxelles.be\/wp-content\/uploads\/2023\/08\/07-1536x1024.jpg 1536w, https:\/\/www.lapsalettedebruxelles.be\/wp-content\/uploads\/2023\/08\/07-2048x1365.jpg 2048w\" sizes=\"auto, (max-width: 300px) 100vw, 300px\" \/> <img loading=\"lazy\" decoding=\"async\" class=\"alignnone size-medium wp-image-11729\" src=\"https:\/\/www.lapsalettedebruxelles.be\/wp-content\/uploads\/2023\/08\/08-300x200.jpg\" alt=\"\" width=\"300\" height=\"200\" srcset=\"https:\/\/www.lapsalettedebruxelles.be\/wp-content\/uploads\/2023\/08\/08-300x200.jpg 300w, https:\/\/www.lapsalettedebruxelles.be\/wp-content\/uploads\/2023\/08\/08-1024x683.jpg 1024w, https:\/\/www.lapsalettedebruxelles.be\/wp-content\/uploads\/2023\/08\/08-768x512.jpg 768w, https:\/\/www.lapsalettedebruxelles.be\/wp-content\/uploads\/2023\/08\/08-1536x1024.jpg 1536w, https:\/\/www.lapsalettedebruxelles.be\/wp-content\/uploads\/2023\/08\/08-2048x1365.jpg 2048w\" sizes=\"auto, (max-width: 300px) 100vw, 300px\" \/> <img loading=\"lazy\" decoding=\"async\" class=\"alignnone size-medium wp-image-11730\" src=\"https:\/\/www.lapsalettedebruxelles.be\/wp-content\/uploads\/2023\/08\/09-300x200.jpg\" alt=\"\" width=\"300\" height=\"200\" srcset=\"https:\/\/www.lapsalettedebruxelles.be\/wp-content\/uploads\/2023\/08\/09-300x200.jpg 300w, https:\/\/www.lapsalettedebruxelles.be\/wp-content\/uploads\/2023\/08\/09-1024x683.jpg 1024w, https:\/\/www.lapsalettedebruxelles.be\/wp-content\/uploads\/2023\/08\/09-768x512.jpg 768w, https:\/\/www.lapsalettedebruxelles.be\/wp-content\/uploads\/2023\/08\/09-1536x1024.jpg 1536w, https:\/\/www.lapsalettedebruxelles.be\/wp-content\/uploads\/2023\/08\/09-2048x1365.jpg 2048w\" sizes=\"auto, (max-width: 300px) 100vw, 300px\" \/> <img loading=\"lazy\" decoding=\"async\" class=\"alignnone size-medium wp-image-11731\" src=\"https:\/\/www.lapsalettedebruxelles.be\/wp-content\/uploads\/2023\/08\/10-300x200.jpg\" alt=\"\" width=\"300\" height=\"200\" srcset=\"https:\/\/www.lapsalettedebruxelles.be\/wp-content\/uploads\/2023\/08\/10-300x200.jpg 300w, https:\/\/www.lapsalettedebruxelles.be\/wp-content\/uploads\/2023\/08\/10-1024x683.jpg 1024w, https:\/\/www.lapsalettedebruxelles.be\/wp-content\/uploads\/2023\/08\/10-768x512.jpg 768w, https:\/\/www.lapsalettedebruxelles.be\/wp-content\/uploads\/2023\/08\/10-1536x1024.jpg 1536w, https:\/\/www.lapsalettedebruxelles.be\/wp-content\/uploads\/2023\/08\/10-2048x1365.jpg 2048w\" sizes=\"auto, (max-width: 300px) 100vw, 300px\" \/> <img loading=\"lazy\" decoding=\"async\" class=\"alignnone size-medium wp-image-11732\" src=\"https:\/\/www.lapsalettedebruxelles.be\/wp-content\/uploads\/2023\/08\/11-300x200.jpg\" alt=\"\" width=\"300\" height=\"200\" srcset=\"https:\/\/www.lapsalettedebruxelles.be\/wp-content\/uploads\/2023\/08\/11-300x200.jpg 300w, https:\/\/www.lapsalettedebruxelles.be\/wp-content\/uploads\/2023\/08\/11-1024x683.jpg 1024w, https:\/\/www.lapsalettedebruxelles.be\/wp-content\/uploads\/2023\/08\/11-768x512.jpg 768w, https:\/\/www.lapsalettedebruxelles.be\/wp-content\/uploads\/2023\/08\/11-1536x1024.jpg 1536w, https:\/\/www.lapsalettedebruxelles.be\/wp-content\/uploads\/2023\/08\/11-2048x1365.jpg 2048w\" sizes=\"auto, (max-width: 300px) 100vw, 300px\" \/> <img loading=\"lazy\" decoding=\"async\" class=\"alignnone size-medium wp-image-11733\" src=\"https:\/\/www.lapsalettedebruxelles.be\/wp-content\/uploads\/2023\/08\/12-300x200.jpg\" alt=\"\" width=\"300\" height=\"200\" srcset=\"https:\/\/www.lapsalettedebruxelles.be\/wp-content\/uploads\/2023\/08\/12-300x200.jpg 300w, https:\/\/www.lapsalettedebruxelles.be\/wp-content\/uploads\/2023\/08\/12-1024x683.jpg 1024w, https:\/\/www.lapsalettedebruxelles.be\/wp-content\/uploads\/2023\/08\/12-768x512.jpg 768w, https:\/\/www.lapsalettedebruxelles.be\/wp-content\/uploads\/2023\/08\/12-1536x1024.jpg 1536w, https:\/\/www.lapsalettedebruxelles.be\/wp-content\/uploads\/2023\/08\/12-2048x1365.jpg 2048w\" sizes=\"auto, (max-width: 300px) 100vw, 300px\" \/> <img loading=\"lazy\" decoding=\"async\" class=\"alignnone size-medium wp-image-11734\" src=\"https:\/\/www.lapsalettedebruxelles.be\/wp-content\/uploads\/2023\/08\/13-300x200.jpg\" alt=\"\" width=\"300\" height=\"200\" srcset=\"https:\/\/www.lapsalettedebruxelles.be\/wp-content\/uploads\/2023\/08\/13-300x200.jpg 300w, https:\/\/www.lapsalettedebruxelles.be\/wp-content\/uploads\/2023\/08\/13-1024x683.jpg 1024w, https:\/\/www.lapsalettedebruxelles.be\/wp-content\/uploads\/2023\/08\/13-768x512.jpg 768w, https:\/\/www.lapsalettedebruxelles.be\/wp-content\/uploads\/2023\/08\/13-1536x1024.jpg 1536w, https:\/\/www.lapsalettedebruxelles.be\/wp-content\/uploads\/2023\/08\/13-2048x1365.jpg 2048w\" sizes=\"auto, (max-width: 300px) 100vw, 300px\" \/> <img loading=\"lazy\" decoding=\"async\" class=\"alignnone size-medium wp-image-11735\" src=\"https:\/\/www.lapsalettedebruxelles.be\/wp-content\/uploads\/2023\/08\/14-300x200.jpg\" alt=\"\" width=\"300\" height=\"200\" srcset=\"https:\/\/www.lapsalettedebruxelles.be\/wp-content\/uploads\/2023\/08\/14-300x200.jpg 300w, https:\/\/www.lapsalettedebruxelles.be\/wp-content\/uploads\/2023\/08\/14-1024x683.jpg 1024w, https:\/\/www.lapsalettedebruxelles.be\/wp-content\/uploads\/2023\/08\/14-768x512.jpg 768w, https:\/\/www.lapsalettedebruxelles.be\/wp-content\/uploads\/2023\/08\/14-1536x1024.jpg 1536w, https:\/\/www.lapsalettedebruxelles.be\/wp-content\/uploads\/2023\/08\/14-2048x1365.jpg 2048w\" sizes=\"auto, (max-width: 300px) 100vw, 300px\" \/> <img loading=\"lazy\" decoding=\"async\" class=\"alignnone size-medium wp-image-11736\" src=\"https:\/\/www.lapsalettedebruxelles.be\/wp-content\/uploads\/2023\/08\/15-300x200.jpg\" alt=\"\" width=\"300\" height=\"200\" srcset=\"https:\/\/www.lapsalettedebruxelles.be\/wp-content\/uploads\/2023\/08\/15-300x200.jpg 300w, https:\/\/www.lapsalettedebruxelles.be\/wp-content\/uploads\/2023\/08\/15-1024x683.jpg 1024w, https:\/\/www.lapsalettedebruxelles.be\/wp-content\/uploads\/2023\/08\/15-768x512.jpg 768w, https:\/\/www.lapsalettedebruxelles.be\/wp-content\/uploads\/2023\/08\/15-1536x1024.jpg 1536w, https:\/\/www.lapsalettedebruxelles.be\/wp-content\/uploads\/2023\/08\/15-2048x1365.jpg 2048w\" sizes=\"auto, (max-width: 300px) 100vw, 300px\" \/> <img loading=\"lazy\" decoding=\"async\" class=\"alignnone size-medium wp-image-11737\" src=\"https:\/\/www.lapsalettedebruxelles.be\/wp-content\/uploads\/2023\/08\/16-300x200.jpg\" alt=\"\" width=\"300\" height=\"200\" srcset=\"https:\/\/www.lapsalettedebruxelles.be\/wp-content\/uploads\/2023\/08\/16-300x200.jpg 300w, https:\/\/www.lapsalettedebruxelles.be\/wp-content\/uploads\/2023\/08\/16-1024x683.jpg 1024w, https:\/\/www.lapsalettedebruxelles.be\/wp-content\/uploads\/2023\/08\/16-768x512.jpg 768w, https:\/\/www.lapsalettedebruxelles.be\/wp-content\/uploads\/2023\/08\/16-1536x1024.jpg 1536w, https:\/\/www.lapsalettedebruxelles.be\/wp-content\/uploads\/2023\/08\/16-2048x1365.jpg 2048w\" sizes=\"auto, (max-width: 300px) 100vw, 300px\" \/> <img loading=\"lazy\" decoding=\"async\" class=\"alignnone size-medium wp-image-11738\" src=\"https:\/\/www.lapsalettedebruxelles.be\/wp-content\/uploads\/2023\/08\/17-300x200.jpg\" alt=\"\" width=\"300\" height=\"200\" srcset=\"https:\/\/www.lapsalettedebruxelles.be\/wp-content\/uploads\/2023\/08\/17-300x200.jpg 300w, https:\/\/www.lapsalettedebruxelles.be\/wp-content\/uploads\/2023\/08\/17-1024x683.jpg 1024w, https:\/\/www.lapsalettedebruxelles.be\/wp-content\/uploads\/2023\/08\/17-768x512.jpg 768w, https:\/\/www.lapsalettedebruxelles.be\/wp-content\/uploads\/2023\/08\/17-1536x1024.jpg 1536w, https:\/\/www.lapsalettedebruxelles.be\/wp-content\/uploads\/2023\/08\/17-2048x1365.jpg 2048w\" sizes=\"auto, (max-width: 300px) 100vw, 300px\" \/> <img loading=\"lazy\" decoding=\"async\" class=\"alignnone size-medium wp-image-11739\" src=\"https:\/\/www.lapsalettedebruxelles.be\/wp-content\/uploads\/2023\/08\/18-300x200.jpg\" alt=\"\" width=\"300\" height=\"200\" srcset=\"https:\/\/www.lapsalettedebruxelles.be\/wp-content\/uploads\/2023\/08\/18-300x200.jpg 300w, https:\/\/www.lapsalettedebruxelles.be\/wp-content\/uploads\/2023\/08\/18-1024x683.jpg 1024w, https:\/\/www.lapsalettedebruxelles.be\/wp-content\/uploads\/2023\/08\/18-768x512.jpg 768w, https:\/\/www.lapsalettedebruxelles.be\/wp-content\/uploads\/2023\/08\/18-1536x1024.jpg 1536w, https:\/\/www.lapsalettedebruxelles.be\/wp-content\/uploads\/2023\/08\/18-2048x1365.jpg 2048w\" sizes=\"auto, (max-width: 300px) 100vw, 300px\" \/> <img loading=\"lazy\" decoding=\"async\" class=\"alignnone size-medium wp-image-11740\" src=\"https:\/\/www.lapsalettedebruxelles.be\/wp-content\/uploads\/2023\/08\/19-300x200.jpg\" alt=\"\" width=\"300\" height=\"200\" srcset=\"https:\/\/www.lapsalettedebruxelles.be\/wp-content\/uploads\/2023\/08\/19-300x200.jpg 300w, https:\/\/www.lapsalettedebruxelles.be\/wp-content\/uploads\/2023\/08\/19-1024x683.jpg 1024w, https:\/\/www.lapsalettedebruxelles.be\/wp-content\/uploads\/2023\/08\/19-768x512.jpg 768w, https:\/\/www.lapsalettedebruxelles.be\/wp-content\/uploads\/2023\/08\/19-1536x1024.jpg 1536w, https:\/\/www.lapsalettedebruxelles.be\/wp-content\/uploads\/2023\/08\/19-2048x1365.jpg 2048w\" sizes=\"auto, (max-width: 300px) 100vw, 300px\" \/> <img loading=\"lazy\" decoding=\"async\" class=\"alignnone size-medium wp-image-11741\" src=\"https:\/\/www.lapsalettedebruxelles.be\/wp-content\/uploads\/2023\/08\/20-300x200.jpg\" alt=\"\" width=\"300\" height=\"200\" srcset=\"https:\/\/www.lapsalettedebruxelles.be\/wp-content\/uploads\/2023\/08\/20-300x200.jpg 300w, https:\/\/www.lapsalettedebruxelles.be\/wp-content\/uploads\/2023\/08\/20-1024x683.jpg 1024w, https:\/\/www.lapsalettedebruxelles.be\/wp-content\/uploads\/2023\/08\/20-768x512.jpg 768w, https:\/\/www.lapsalettedebruxelles.be\/wp-content\/uploads\/2023\/08\/20-1536x1024.jpg 1536w, https:\/\/www.lapsalettedebruxelles.be\/wp-content\/uploads\/2023\/08\/20-2048x1365.jpg 2048w\" sizes=\"auto, (max-width: 300px) 100vw, 300px\" \/><\/span><\/p>\n","protected":false},"excerpt":{"rendered":"<p>Concert du 23 juin \u2013 Eglise Notre-Dame du Blankedelle \u2013 Auderghem Quel plaisir ce fut, d\u2019avoir chant\u00e9 des pi\u00e8ces in\u00e9dites, baltes et scandinaves\u00a0choisies pr\u00e9cieusement par notre chef Boris! Une tr\u00e8s belle d\u00e9couverte pour nous choristes et manifestement pour le public \u00e9galement\u00a0car nous avons eu un \u00e9norme succ\u00e8s\u00a0: applaudissements nourris, et retours positifs.<br \/> Les bars et[\u2026]<\/p>\n","protected":false},"author":38,"featured_media":0,"parent":11470,"menu_order":0,"comment_status":"closed","ping_status":"closed","template":"","meta":{"remove_blocks_before_content":false,"remove_blocks_after_content":false,"disable_reading_progress_bar":false,"_crdt_document":"","footnotes":""},"class_list":["post-11613","page","type-page","status-publish","hentry"],"_links":{"self":[{"href":"https:\/\/www.lapsalettedebruxelles.be\/index.php?rest_route=\/wp\/v2\/pages\/11613","targetHints":{"allow":["GET"]}}],"collection":[{"href":"https:\/\/www.lapsalettedebruxelles.be\/index.php?rest_route=\/wp\/v2\/pages"}],"about":[{"href":"https:\/\/www.lapsalettedebruxelles.be\/index.php?rest_route=\/wp\/v2\/types\/page"}],"author":[{"embeddable":true,"href":"https:\/\/www.lapsalettedebruxelles.be\/index.php?rest_route=\/wp\/v2\/users\/38"}],"replies":[{"embeddable":true,"href":"https:\/\/www.lapsalettedebruxelles.be\/index.php?rest_route=%2Fwp%2Fv2%2Fcomments&post=11613"}],"version-history":[{"count":6,"href":"https:\/\/www.lapsalettedebruxelles.be\/index.php?rest_route=\/wp\/v2\/pages\/11613\/revisions"}],"predecessor-version":[{"id":11871,"href":"https:\/\/www.lapsalettedebruxelles.be\/index.php?rest_route=\/wp\/v2\/pages\/11613\/revisions\/11871"}],"up":[{"embeddable":true,"href":"https:\/\/www.lapsalettedebruxelles.be\/index.php?rest_route=\/wp\/v2\/pages\/11470"}],"wp:attachment":[{"href":"https:\/\/www.lapsalettedebruxelles.be\/index.php?rest_route=%2Fwp%2Fv2%2Fmedia&parent=11613"}],"curies":[{"name":"wp","href":"https:\/\/api.w.org\/{rel}","templated":true}]}}