{"id":11140,"date":"2020-02-01T11:47:15","date_gmt":"2020-02-01T10:47:15","guid":{"rendered":"https:\/\/www.lapsalettedebruxelles.be\/?page_id=11140"},"modified":"2022-09-14T11:21:00","modified_gmt":"2022-09-14T10:21:00","slug":"2019-4","status":"publish","type":"page","link":"https:\/\/www.lapsalettedebruxelles.be\/?page_id=11140","title":{"rendered":"2019"},"content":{"rendered":"\n<p class=\"wp-block-paragraph\">Concert \u00ab\u00a0Chansons en Choeur\u00a0\u00bb<\/p>\n\n\n\n<h4 class=\"wp-block-heading\" id=\"25-mai-2019-eglise-notre-dame-du-blankedelle-auderghem\">25 mai 2019 \u2013 Eglise Notre-Dame du Blankedelle \u2013 Auderghem<\/h4>\n\n\n<div class=\"wp-block-image\">\n<figure class=\"alignleft\"><a href=\"https:\/\/www.lapsalettedebruxelles.be\/wp-content\/uploads\/2019\/04\/LPB-Affiche-A3-03-2019-red.jpg\"><img loading=\"lazy\" decoding=\"async\" width=\"212\" height=\"300\" src=\"https:\/\/www.lapsalettedebruxelles.be\/wp-content\/uploads\/2019\/04\/LPB-Affiche-A3-03-2019-red-212x300.jpg\" alt=\"\" class=\"wp-image-11038\" srcset=\"https:\/\/www.lapsalettedebruxelles.be\/wp-content\/uploads\/2019\/04\/LPB-Affiche-A3-03-2019-red-212x300.jpg 212w, https:\/\/www.lapsalettedebruxelles.be\/wp-content\/uploads\/2019\/04\/LPB-Affiche-A3-03-2019-red-768x1086.jpg 768w, https:\/\/www.lapsalettedebruxelles.be\/wp-content\/uploads\/2019\/04\/LPB-Affiche-A3-03-2019-red-724x1024.jpg 724w\" sizes=\"auto, (max-width: 212px) 100vw, 212px\" \/><\/a><\/figure>\n<\/div>\n\n\n<p class=\"wp-block-paragraph\">De la Renaissance \u00e0 Broadway, c&rsquo;est une balade dans le temps et l&rsquo;espace que La Psalette de Bruxelles vous a propos\u00e9e hier soir. Et si l&rsquo;on en croit les chaleureux applaudissements, tout le monde \u00e9tait ravi du voyage!\ud83c\udfb5\ud83c\udfb6\ud83d\ude0d<br>Merci \u00e0 notre Chef (et soliste!) Boris Kondov, \u00e0 la pianiste Marie-Claude Roy qui nous a si bien et si gentiment accompagn\u00e9s, et aux choristes de La Psalette de Bruxelles pour ces beaux moments! \ud83d\ude0a<br>Merci aussi aux b\u00e9n\u00e9voles pour l&rsquo;\u00e9norme travail autour du concert, et surtout, surtout, merci au nombreux public pour votre enthousiasme et votre fid\u00e9lit\u00e9! \ud83d\ude0d<br>A bient\u00f4t pour de nouvelles aventures, et en attendant, bonnes vacances!<\/p>\n","protected":false},"excerpt":{"rendered":"<p>Concert \u00ab\u00a0Chansons en Choeur\u00a0\u00bb 25 mai 2019 \u2013 Eglise Notre-Dame du Blankedelle \u2013 Auderghem De la Renaissance \u00e0 Broadway, c&rsquo;est une balade dans le temps et l&rsquo;espace que La Psalette de Bruxelles vous a propos\u00e9e hier soir.<br \/> Et si l&rsquo;on en croit les chaleureux applaudissements, tout le monde \u00e9tait ravi du voyage!\ud83c\udfb5\ud83c\udfb6\ud83d\ude0dMerci \u00e0 notre Chef[\u2026]<\/p>\n","protected":false},"author":38,"featured_media":0,"parent":11470,"menu_order":-5,"comment_status":"closed","ping_status":"closed","template":"","meta":{"remove_blocks_before_content":false,"remove_blocks_after_content":false,"disable_reading_progress_bar":false,"_crdt_document":"","footnotes":""},"class_list":["post-11140","page","type-page","status-publish","hentry"],"_links":{"self":[{"href":"https:\/\/www.lapsalettedebruxelles.be\/index.php?rest_route=\/wp\/v2\/pages\/11140","targetHints":{"allow":["GET"]}}],"collection":[{"href":"https:\/\/www.lapsalettedebruxelles.be\/index.php?rest_route=\/wp\/v2\/pages"}],"about":[{"href":"https:\/\/www.lapsalettedebruxelles.be\/index.php?rest_route=\/wp\/v2\/types\/page"}],"author":[{"embeddable":true,"href":"https:\/\/www.lapsalettedebruxelles.be\/index.php?rest_route=\/wp\/v2\/users\/38"}],"replies":[{"embeddable":true,"href":"https:\/\/www.lapsalettedebruxelles.be\/index.php?rest_route=%2Fwp%2Fv2%2Fcomments&post=11140"}],"version-history":[{"count":1,"href":"https:\/\/www.lapsalettedebruxelles.be\/index.php?rest_route=\/wp\/v2\/pages\/11140\/revisions"}],"predecessor-version":[{"id":11481,"href":"https:\/\/www.lapsalettedebruxelles.be\/index.php?rest_route=\/wp\/v2\/pages\/11140\/revisions\/11481"}],"up":[{"embeddable":true,"href":"https:\/\/www.lapsalettedebruxelles.be\/index.php?rest_route=\/wp\/v2\/pages\/11470"}],"wp:attachment":[{"href":"https:\/\/www.lapsalettedebruxelles.be\/index.php?rest_route=%2Fwp%2Fv2%2Fmedia&parent=11140"}],"curies":[{"name":"wp","href":"https:\/\/api.w.org\/{rel}","templated":true}]}}

<p class="wp-block-paragraph">Concert « Chansons en Choeur »</p>



<h4 class="wp-block-heading" id="25-mai-2019-eglise-notre-dame-du-blankedelle-auderghem">25 mai 2019 – Eglise Notre-Dame du Blankedelle – Auderghem</h4>


<div class="wp-block-image">
<figure class="alignleft"><a href="https://www.lapsalettedebruxelles.be/wp-content/uploads/2019/04/LPB-Affiche-A3-03-2019-red.jpg"><img loading="lazy" decoding="async" width="212" height="300" src="https://www.lapsalettedebruxelles.be/wp-content/uploads/2019/04/LPB-Affiche-A3-03-2019-red-212x300.jpg" alt="" class="wp-image-11038" srcset="https://www.lapsalettedebruxelles.be/wp-content/uploads/2019/04/LPB-Affiche-A3-03-2019-red-212x300.jpg 212w, https://www.lapsalettedebruxelles.be/wp-content/uploads/2019/04/LPB-Affiche-A3-03-2019-red-768x1086.jpg 768w, https://www.lapsalettedebruxelles.be/wp-content/uploads/2019/04/LPB-Affiche-A3-03-2019-red-724x1024.jpg 724w" sizes="auto, (max-width: 212px) 100vw, 212px" /></a></figure>
</div>


<p class="wp-block-paragraph">De la Renaissance à Broadway, c&rsquo;est une balade dans le temps et l&rsquo;espace que La Psalette de Bruxelles vous a proposée hier soir. Et si l&rsquo;on en croit les chaleureux applaudissements, tout le monde était ravi du voyage!🎵🎶😍<br>Merci à notre Chef (et soliste!) Boris Kondov, à la pianiste Marie-Claude Roy qui nous a si bien et si gentiment accompagnés, et aux choristes de La Psalette de Bruxelles pour ces beaux moments! 😊<br>Merci aussi aux bénévoles pour l&rsquo;énorme travail autour du concert, et surtout, surtout, merci au nombreux public pour votre enthousiasme et votre fidélité! 😍<br>A bientôt pour de nouvelles aventures, et en attendant, bonnes vacances!</p>

<p>Concert « Chansons en Choeur » 25 mai 2019 – Eglise Notre-Dame du Blankedelle – Auderghem De la Renaissance à Broadway, c&rsquo;est une balade dans le temps et l&rsquo;espace que La Psalette de Bruxelles vous a proposée hier soir.<br /> Et si l&rsquo;on en croit les chaleureux applaudissements, tout le monde était ravi du voyage!🎵🎶😍Merci à notre Chef[…]</p>
