{"id":10968,"date":"2018-06-15T16:39:27","date_gmt":"2018-06-15T15:39:27","guid":{"rendered":"https:\/\/www.lapsalettedebruxelles.be\/?page_id=10968"},"modified":"2022-09-14T11:20:30","modified_gmt":"2022-09-14T10:20:30","slug":"2018-2","status":"publish","type":"page","link":"https:\/\/www.lapsalettedebruxelles.be\/?page_id=10968","title":{"rendered":"2018"},"content":{"rendered":"<p>Concert \u201cCONTRASTES\u00a0\u00bb<\/p>\n<h4>9 juin 2018 \u2013 Eglise Notre-Dame du Blankedelle \u2013 Auderghem<\/h4>\n<p style=\"text-align: justify;\"><a href=\"https:\/\/www.lapsalettedebruxelles.be\/wp-content\/uploads\/2018\/04\/LPB-Affiche-A4-03-2018.jpg\"><img loading=\"lazy\" decoding=\"async\" class=\" wp-image-10955 alignleft\" src=\"https:\/\/www.lapsalettedebruxelles.be\/wp-content\/uploads\/2018\/04\/LPB-Affiche-A4-03-2018-212x300.jpg\" alt=\"\" width=\"270\" height=\"382\" srcset=\"https:\/\/www.lapsalettedebruxelles.be\/wp-content\/uploads\/2018\/04\/LPB-Affiche-A4-03-2018-212x300.jpg 212w, https:\/\/www.lapsalettedebruxelles.be\/wp-content\/uploads\/2018\/04\/LPB-Affiche-A4-03-2018-768x1086.jpg 768w, https:\/\/www.lapsalettedebruxelles.be\/wp-content\/uploads\/2018\/04\/LPB-Affiche-A4-03-2018-724x1024.jpg 724w\" sizes=\"auto, (max-width: 270px) 100vw, 270px\" \/><\/a>Sous la direction de son nouveau chef, Boris Kondov, et avec l\u2019accompagnement de l\u2019orchestre de chambre Psalmodia, La Psalette de Bruxelles vous proposera le programme suivant:<\/p>\n<p style=\"text-align: justify;\">\u2013 la \u00ab Deutsche Messe \u00bb et le \u00ab Salve Regina \u00bb de Schubert<\/p>\n<p style=\"text-align: justify;\">\u2013 la \u00ab Missa in Honorem Sanctissimae Trinitatis \u00bb et le \u00ab Veni Sancte Spiritus \u00bb de Mozart.<\/p>\n<p style=\"text-align: justify;\">Deux compositeurs aux temp\u00e9raments tr\u00e8s diff\u00e9rents mais au destin finalement similaire car tous deux, bien qu\u2019ayant eu une existence assez courte, ont \u00e9t\u00e9 auteurs d\u2019une \u0153uvre incroyablement prolifique.<\/p>\n<h3>Photos<\/h3>\n<style id=\"bwg-style-0\">    #bwg_container1_0 #bwg_container2_0 .bwg-container-0.bwg-standard-thumbnails {      width: 904px;              justify-content: center;        margin:0 auto !important;              background-color: rgba(255, 255, 255, 0.00);            padding-left: 4px;      padding-top: 4px;      max-width: 100%;            }        #bwg_container1_0 #bwg_container2_0 .bwg-container-0.bwg-standard-thumbnails .bwg-item {    justify-content: flex-start;      max-width: 180px;            width: 180px !important;          }    #bwg_container1_0 #bwg_container2_0 .bwg-container-0.bwg-standard-thumbnails .bwg-item a {       margin-right: 4px;       margin-bottom: 4px;    }    #bwg_container1_0 #bwg_container2_0 .bwg-container-0.bwg-standard-thumbnails .bwg-item0 {      padding: 0px;            background-color:rgba(255,255,255, 0.30);      border: 0px none #CCCCCC;      opacity: 1.00;      border-radius: 0;      box-shadow: 0px 0px 0px #888888;    }    #bwg_container1_0 #bwg_container2_0 .bwg-container-0.bwg-standard-thumbnails .bwg-item1 img {      max-height: none;      max-width: none;      padding: 0 !important;    }        @media only screen and (min-width: 480px) {      #bwg_container1_0 #bwg_container2_0 .bwg-container-0.bwg-standard-thumbnails .bwg-item0 {        transition: all 0.3s ease 0s;-webkit-transition: all 0.3s ease 0s;      }      #bwg_container1_0 #bwg_container2_0 .bwg-container-0.bwg-standard-thumbnails .bwg-item0:hover {        -ms-transform: scale(1.1);        -webkit-transform: scale(1.1);        transform: scale(1.1);      }    }          #bwg_container1_0 #bwg_container2_0 .bwg-container-0.bwg-standard-thumbnails .bwg-item1 {      padding-top: 50%;    }        #bwg_container1_0 #bwg_container2_0 .bwg-container-0.bwg-standard-thumbnails .bwg-title2,    #bwg_container1_0 #bwg_container2_0 .bwg-container-0.bwg-standard-thumbnails .bwg-ecommerce2 {      color: #CCCCCC;      font-family: segoe ui;      font-size: 16px;      font-weight: bold;      padding: 2px;      text-shadow: 0px 0px 0px #888888;      max-height: 100%;    }    #bwg_container1_0 #bwg_container2_0 .bwg-container-0.bwg-standard-thumbnails .bwg-thumb-description span {    color: #323A45;    font-family: Ubuntu;    font-size: 12px;    max-height: 100%;    word-wrap: break-word;    }    #bwg_container1_0 #bwg_container2_0 .bwg-container-0.bwg-standard-thumbnails .bwg-play-icon2 {      font-size: 32px;    }    #bwg_container1_0 #bwg_container2_0 .bwg-container-0.bwg-standard-thumbnails .bwg-ecommerce2 {      font-size: 19.2px;      color: #CCCCCC;    }    <\/style>    <div id=\"bwg_container1_0\"         class=\"bwg_container bwg_thumbnail bwg_thumbnails \"         data-right-click-protection=\"1\"         data-bwg=\"0\"         data-scroll=\"0\"         data-gallery-type=\"thumbnails\"         data-gallery-view-type=\"thumbnails\"         data-current-url=\"\/index.php?rest_route=%2Fwp%2Fv2%2Fpages%2F10968\"         data-lightbox-url=\"https:\/\/www.lapsalettedebruxelles.be\/wp-admin\/admin-ajax.php?action=GalleryBox&#038;current_view=0&#038;gallery_id=17&#038;tag=0&#038;theme_id=1&#038;shortcode_id=49&#038;sort_by=order&#038;order_by=asc&#038;current_url=%2Findex.php%3Frest_route%3D%252Fwp%252Fv2%252Fpages%252F10968\"         data-gallery-id=\"17\"         data-popup-width=\"800\"         data-popup-height=\"500\"         data-is-album=\"gallery\"         data-buttons-position=\"bottom\">      <div id=\"bwg_container2_0\">             <div id=\"ajax_loading_0\" class=\"bwg_loading_div_1\">      <div class=\"bwg_loading_div_2\">        <div class=\"bwg_loading_div_3\">          <div id=\"loading_div_0\" class=\"bwg_spider_ajax_loading\">          <\/div>        <\/div>      <\/div>    <\/div>            <form id=\"gal_front_form_0\"              class=\"bwg-hidden\"              method=\"post\"              action=\"#\"              data-current=\"0\"              data-shortcode-id=\"49\"              data-gallery-type=\"thumbnails\"              data-gallery-id=\"17\"              data-tag=\"0\"              data-album-id=\"0\"              data-theme-id=\"1\"              data-ajax-url=\"https:\/\/www.lapsalettedebruxelles.be\/wp-admin\/admin-ajax.php?action=bwg_frontend_data\">          <div id=\"bwg_container3_0\" class=\"bwg-background bwg-background-0\">                <div data-max-count=\"5\"         data-thumbnail-width=\"180\"         data-bwg=\"0\"         data-gallery-id=\"17\"         data-lightbox-url=\"https:\/\/www.lapsalettedebruxelles.be\/wp-admin\/admin-ajax.php?action=GalleryBox&amp;current_view=0&amp;gallery_id=17&amp;tag=0&amp;theme_id=1&amp;shortcode_id=49&amp;sort_by=order&amp;order_by=asc&amp;current_url=%2Findex.php%3Frest_route%3D%252Fwp%252Fv2%252Fpages%252F10968\"         id=\"bwg_thumbnails_0\"         class=\"bwg-container-0 bwg-thumbnails bwg-standard-thumbnails bwg-container bwg-border-box\">            <div class=\"bwg-item\">        <a class=\"bwg-a  bwg_lightbox\"  data-image-id=\"705\" href=\"https:\/\/www.lapsalettedebruxelles.be\/wp-content\/uploads\/photo-gallery\/20180609-Concert\/DSC_4450_resized.jpg\" data-elementor-open-lightbox=\"no\">                <div class=\"bwg-item0 \">          <div class=\"bwg-item1 \">            <div class=\"bwg-item2\">              <img decoding=\"async\" class=\"skip-lazy bwg_standart_thumb_img_0 \"                   data-id=\"705\"                   data-width=\"\"                   data-height=\"\"                   data-src=\"https:\/\/www.lapsalettedebruxelles.be\/wp-content\/uploads\/photo-gallery\/20180609-Concert\/thumb\/DSC_4450_resized.jpg\"                   src=\"https:\/\/www.lapsalettedebruxelles.be\/wp-content\/uploads\/photo-gallery\/20180609-Concert\/thumb\/DSC_4450_resized.jpg\"                   alt=\"DSC 4450 resized\"                   title=\"DSC 4450 resized\" \/>            <\/div>            <div class=\"\">                                                      <\/div>          <\/div>        <\/div>                        <\/a>              <\/div>            <div class=\"bwg-item\">        <a class=\"bwg-a  bwg_lightbox\"  data-image-id=\"704\" href=\"https:\/\/www.lapsalettedebruxelles.be\/wp-content\/uploads\/photo-gallery\/20180609-Concert\/DSC_4444_resized.jpg\" data-elementor-open-lightbox=\"no\">                <div class=\"bwg-item0 \">          <div class=\"bwg-item1 \">            <div class=\"bwg-item2\">              <img decoding=\"async\" class=\"skip-lazy bwg_standart_thumb_img_0 \"                   data-id=\"704\"                   data-width=\"\"                   data-height=\"\"                   data-src=\"https:\/\/www.lapsalettedebruxelles.be\/wp-content\/uploads\/photo-gallery\/20180609-Concert\/thumb\/DSC_4444_resized.jpg\"                   src=\"https:\/\/www.lapsalettedebruxelles.be\/wp-content\/uploads\/photo-gallery\/20180609-Concert\/thumb\/DSC_4444_resized.jpg\"                   alt=\"DSC 4444 resized\"                   title=\"DSC 4444 resized\" \/>            <\/div>            <div class=\"\">                                                      <\/div>          <\/div>        <\/div>                        <\/a>              <\/div>            <div class=\"bwg-item\">        <a class=\"bwg-a  bwg_lightbox\"  data-image-id=\"703\" href=\"https:\/\/www.lapsalettedebruxelles.be\/wp-content\/uploads\/photo-gallery\/20180609-Concert\/IMG-20180610-WA0003.jpg\" data-elementor-open-lightbox=\"no\">                <div class=\"bwg-item0 \">          <div class=\"bwg-item1 \">            <div class=\"bwg-item2\">              <img decoding=\"async\" class=\"skip-lazy bwg_standart_thumb_img_0 \"                   data-id=\"703\"                   data-width=\"\"                   data-height=\"\"                   data-src=\"https:\/\/www.lapsalettedebruxelles.be\/wp-content\/uploads\/photo-gallery\/20180609-Concert\/thumb\/IMG-20180610-WA0003.jpg\"                   src=\"https:\/\/www.lapsalettedebruxelles.be\/wp-content\/uploads\/photo-gallery\/20180609-Concert\/thumb\/IMG-20180610-WA0003.jpg\"                   alt=\"IMG-20180610-WA0003\"                   title=\"IMG-20180610-WA0003\" \/>            <\/div>            <div class=\"\">                                                      <\/div>          <\/div>        <\/div>                        <\/a>              <\/div>            <div class=\"bwg-item\">        <a class=\"bwg-a  bwg_lightbox\"  data-image-id=\"702\" href=\"https:\/\/www.lapsalettedebruxelles.be\/wp-content\/uploads\/photo-gallery\/20180609-Concert\/DSC_4445_resized.jpg\" data-elementor-open-lightbox=\"no\">                <div class=\"bwg-item0 \">          <div class=\"bwg-item1 \">            <div class=\"bwg-item2\">              <img decoding=\"async\" class=\"skip-lazy bwg_standart_thumb_img_0 \"                   data-id=\"702\"                   data-width=\"\"                   data-height=\"\"                   data-src=\"https:\/\/www.lapsalettedebruxelles.be\/wp-content\/uploads\/photo-gallery\/20180609-Concert\/thumb\/DSC_4445_resized.jpg\"                   src=\"https:\/\/www.lapsalettedebruxelles.be\/wp-content\/uploads\/photo-gallery\/20180609-Concert\/thumb\/DSC_4445_resized.jpg\"                   alt=\"DSC 4445 resized\"                   title=\"DSC 4445 resized\" \/>            <\/div>            <div class=\"\">                                                      <\/div>          <\/div>        <\/div>                        <\/a>              <\/div>            <div class=\"bwg-item\">        <a class=\"bwg-a  bwg_lightbox\"  data-image-id=\"701\" href=\"https:\/\/www.lapsalettedebruxelles.be\/wp-content\/uploads\/photo-gallery\/20180609-Concert\/DSC_4451_resized.jpg\" data-elementor-open-lightbox=\"no\">                <div class=\"bwg-item0 \">          <div class=\"bwg-item1 \">            <div class=\"bwg-item2\">              <img decoding=\"async\" class=\"skip-lazy bwg_standart_thumb_img_0 \"                   data-id=\"701\"                   data-width=\"\"                   data-height=\"\"                   data-src=\"https:\/\/www.lapsalettedebruxelles.be\/wp-content\/uploads\/photo-gallery\/20180609-Concert\/thumb\/DSC_4451_resized.jpg\"                   src=\"https:\/\/www.lapsalettedebruxelles.be\/wp-content\/uploads\/photo-gallery\/20180609-Concert\/thumb\/DSC_4451_resized.jpg\"                   alt=\"DSC 4451 resized\"                   title=\"DSC 4451 resized\" \/>            <\/div>            <div class=\"\">                                                      <\/div>          <\/div>        <\/div>                        <\/a>              <\/div>            <div class=\"bwg-item\">        <a class=\"bwg-a  bwg_lightbox\"  data-image-id=\"700\" href=\"https:\/\/www.lapsalettedebruxelles.be\/wp-content\/uploads\/photo-gallery\/20180609-Concert\/DSC_4455_resized.jpg\" data-elementor-open-lightbox=\"no\">                <div class=\"bwg-item0 \">          <div class=\"bwg-item1 \">            <div class=\"bwg-item2\">              <img decoding=\"async\" class=\"skip-lazy bwg_standart_thumb_img_0 \"                   data-id=\"700\"                   data-width=\"\"                   data-height=\"\"                   data-src=\"https:\/\/www.lapsalettedebruxelles.be\/wp-content\/uploads\/photo-gallery\/20180609-Concert\/thumb\/DSC_4455_resized.jpg\"                   src=\"https:\/\/www.lapsalettedebruxelles.be\/wp-content\/uploads\/photo-gallery\/20180609-Concert\/thumb\/DSC_4455_resized.jpg\"                   alt=\"DSC 4455 resized\"                   title=\"DSC 4455 resized\" \/>            <\/div>            <div class=\"\">                                                      <\/div>          <\/div>        <\/div>                        <\/a>              <\/div>            <div class=\"bwg-item\">        <a class=\"bwg-a  bwg_lightbox\"  data-image-id=\"699\" href=\"https:\/\/www.lapsalettedebruxelles.be\/wp-content\/uploads\/photo-gallery\/20180609-Concert\/IMG-20180610-WA0007.jpg\" data-elementor-open-lightbox=\"no\">                <div class=\"bwg-item0 \">          <div class=\"bwg-item1 \">            <div class=\"bwg-item2\">              <img decoding=\"async\" class=\"skip-lazy bwg_standart_thumb_img_0 \"                   data-id=\"699\"                   data-width=\"\"                   data-height=\"\"                   data-src=\"https:\/\/www.lapsalettedebruxelles.be\/wp-content\/uploads\/photo-gallery\/20180609-Concert\/thumb\/IMG-20180610-WA0007.jpg\"                   src=\"https:\/\/www.lapsalettedebruxelles.be\/wp-content\/uploads\/photo-gallery\/20180609-Concert\/thumb\/IMG-20180610-WA0007.jpg\"                   alt=\"IMG-20180610-WA0007\"                   title=\"IMG-20180610-WA0007\" \/>            <\/div>            <div class=\"\">                                                      <\/div>          <\/div>        <\/div>                        <\/a>              <\/div>            <div class=\"bwg-item\">        <a class=\"bwg-a  bwg_lightbox\"  data-image-id=\"698\" href=\"https:\/\/www.lapsalettedebruxelles.be\/wp-content\/uploads\/photo-gallery\/20180609-Concert\/DSC_4453_resized.jpg\" data-elementor-open-lightbox=\"no\">                <div class=\"bwg-item0 \">          <div class=\"bwg-item1 \">            <div class=\"bwg-item2\">              <img decoding=\"async\" class=\"skip-lazy bwg_standart_thumb_img_0 \"                   data-id=\"698\"                   data-width=\"\"                   data-height=\"\"                   data-src=\"https:\/\/www.lapsalettedebruxelles.be\/wp-content\/uploads\/photo-gallery\/20180609-Concert\/thumb\/DSC_4453_resized.jpg\"                   src=\"https:\/\/www.lapsalettedebruxelles.be\/wp-content\/uploads\/photo-gallery\/20180609-Concert\/thumb\/DSC_4453_resized.jpg\"                   alt=\"DSC 4453 resized\"                   title=\"DSC 4453 resized\" \/>            <\/div>            <div class=\"\">                                                      <\/div>          <\/div>        <\/div>                        <\/a>              <\/div>            <div class=\"bwg-item\">        <a class=\"bwg-a  bwg_lightbox\"  data-image-id=\"697\" href=\"https:\/\/www.lapsalettedebruxelles.be\/wp-content\/uploads\/photo-gallery\/20180609-Concert\/IMG-20180610-WA0006.jpg\" data-elementor-open-lightbox=\"no\">                <div class=\"bwg-item0 \">          <div class=\"bwg-item1 \">            <div class=\"bwg-item2\">              <img decoding=\"async\" class=\"skip-lazy bwg_standart_thumb_img_0 \"                   data-id=\"697\"                   data-width=\"\"                   data-height=\"\"                   data-src=\"https:\/\/www.lapsalettedebruxelles.be\/wp-content\/uploads\/photo-gallery\/20180609-Concert\/thumb\/IMG-20180610-WA0006.jpg\"                   src=\"https:\/\/www.lapsalettedebruxelles.be\/wp-content\/uploads\/photo-gallery\/20180609-Concert\/thumb\/IMG-20180610-WA0006.jpg\"                   alt=\"IMG-20180610-WA0006\"                   title=\"IMG-20180610-WA0006\" \/>            <\/div>            <div class=\"\">                                                      <\/div>          <\/div>        <\/div>                        <\/a>              <\/div>          <\/div>    <style>      \/*pagination styles*\/      #bwg_container1_0 #bwg_container2_0 .tablenav-pages_0 {\t\t\t\ttext-align: center;\t\t\t\tfont-size: 12px;\t\t\t\tfont-family: segoe ui;\t\t\t\tfont-weight: bold;\t\t\t\tcolor: #666666;\t\t\t\tmargin: 6px 0 4px;\t\t\t\tdisplay: block;      }      @media only screen and (max-width : 320px) {      #bwg_container1_0 #bwg_container2_0 .displaying-num_0 {     \t display: none;      }      }      #bwg_container1_0 #bwg_container2_0 .displaying-num_0 {\t\t\t\tfont-size: 12px;\t\t\t\tfont-family: segoe ui;\t\t\t\tfont-weight: bold;\t\t\t\tcolor: #666666;\t\t\t\tmargin-right: 10px;\t\t\t\tvertical-align: middle;      }      #bwg_container1_0 #bwg_container2_0 .paging-input_0 {\t\t\t\tfont-size: 12px;\t\t\t\tfont-family: segoe ui;\t\t\t\tfont-weight: bold;\t\t\t\tcolor: #666666;\t\t\t\tvertical-align: middle;      }      #bwg_container1_0 #bwg_container2_0 .tablenav-pages_0 a.disabled,      #bwg_container1_0 #bwg_container2_0 .tablenav-pages_0 a.disabled:hover,      #bwg_container1_0 #bwg_container2_0 .tablenav-pages_0 a.disabled:focus,\t\t\t#bwg_container1_0 #bwg_container2_0 .tablenav-pages_0 input.bwg_current_page {\t\t\t\tcursor: default;\t\t\t\tcolor: rgba(102, 102, 102, 0.5);      }      #bwg_container1_0 #bwg_container2_0 .tablenav-pages_0 a,      #bwg_container1_0 #bwg_container2_0 .tablenav-pages_0 input.bwg_current_page {\t\t\t\tcursor: pointer;\t\t\t\ttext-align: center;\t\t\t\tfont-size: 12px;\t\t\t\tfont-family: segoe ui;\t\t\t\tfont-weight: bold;\t\t\t\tcolor: #666666;\t\t\t\ttext-decoration: none;\t\t\t\tpadding: 3px 6px;\t\t\t\tmargin: 0;\t\t\t\tborder-radius: 0;\t\t\t\tborder-style: solid;\t\t\t\tborder-width: 1px;\t\t\t\tborder-color: #E3E3E3;\t\t\t\t\t\t\t\tbackground-color: rgba(255, 255, 255, 1.00);\t\t\t\tbox-shadow: 0;\t\t\t\ttransition: all 0.3s ease 0s;-webkit-transition: all 0.3s ease 0s;      }      <\/style>      <span class=\"bwg_nav_cont_0\">              <div class=\"tablenav-pages_0\">                  <\/div>                <input type=\"hidden\" id=\"page_number_0\" name=\"page_number_0\" value=\"1\" \/>      <script type=\"text\/javascript\">        if( jQuery('.bwg_nav_cont_0').length > 1 ) {          jQuery('.bwg_nav_cont_0').first().remove()        }        function spider_page_0(cur, x, y, load_more) {          if (typeof load_more == \"undefined\") {            var load_more = false;          }          if (jQuery(cur).hasClass('disabled')) {            return false;          }          var items_county_0 = 1;          switch (y) {            case 1:              if (x >= items_county_0) {                document.getElementById('page_number_0').value = items_county_0;              }              else {                document.getElementById('page_number_0').value = x + 1;              }              break;            case 2:              document.getElementById('page_number_0').value = items_county_0;              break;            case -1:              if (x == 1) {                document.getElementById('page_number_0').value = 1;              }              else {                document.getElementById('page_number_0').value = x - 1;              }              break;            case -2:              document.getElementById('page_number_0').value = 1;              break;\t\t\t\t\t\tcase 0:              document.getElementById('page_number_0').value = x;              break;            default:              document.getElementById('page_number_0').value = 1;          }          bwg_ajax('gal_front_form_0', '0', 'bwg_thumbnails_0', '0', '', 'gallery', 0, '', '', load_more, '', 1);        }                    jQuery('.first-page-0').on('click', function () {              spider_page_0(this, 1, -2, 'numeric');              return false;            });            jQuery('.prev-page-0').on('click', function () {              spider_page_0(this, 1, -1, 'numeric');              return false;            });            jQuery('.next-page-0').on('click', function () {              spider_page_0(this, 1, 1, 'numeric');              return false;            });            jQuery('.last-page-0').on('click', function () {              spider_page_0(this, 1, 2, 'numeric');              return false;            });        \t\t\t\t\/* Change page on input enter. *\/        function bwg_change_page_0( e, that ) {          if (  e.key == 'Enter' ) {            var to_page = parseInt(jQuery(that).val());            var pages_count = jQuery(that).parents(\".pagination-links\").data(\"pages-count\");            var current_url_param = jQuery(that).attr('data-url-info');            if (to_page > pages_count) {              to_page = 1;            }\t \t\t\t\t\t\t\t\t\t\t\t\tspider_page_0(this, to_page, 0, 'numeric');\t\t\t\t\t\t\treturn false;\t\t\t\t\t\t          }          return true;        }        jQuery('.bwg_load_btn_0').on('click', function () {            spider_page_0(this, 1, 1, true);            return false;        });      <\/script>      <\/span>                <\/div>        <\/form>        <style>          #bwg_container1_0 #bwg_container2_0 #spider_popup_overlay_0 {          background-color: #000000;          opacity: 0.70;          }          <\/style>        <div id=\"bwg_spider_popup_loading_0\" class=\"bwg_spider_popup_loading\"><\/div>        <div id=\"spider_popup_overlay_0\" class=\"spider_popup_overlay\" onclick=\"spider_destroypopup(1000)\"><\/div>        <input type=\"hidden\" id=\"bwg_random_seed_0\" value=\"202012432\">                <\/div>    <\/div>    <script>      if (document.readyState === 'complete') {        if( typeof bwg_main_ready == 'function' ) {          if ( jQuery(\"#bwg_container1_0\").height() ) {            bwg_main_ready(jQuery(\"#bwg_container1_0\"));          }        }      } else {        document.addEventListener('DOMContentLoaded', function() {          if( typeof bwg_main_ready == 'function' ) {            if ( jQuery(\"#bwg_container1_0\").height() ) {             bwg_main_ready(jQuery(\"#bwg_container1_0\"));            }          }        });      }    <\/script>    \n","protected":false},"excerpt":{"rendered":"<p>Concert \u201cCONTRASTES\u00a0\u00bb 9 juin 2018 \u2013 Eglise Notre-Dame du Blankedelle \u2013 Auderghem Sous la direction de son nouveau chef, Boris Kondov, et avec l\u2019accompagnement de l\u2019orchestre de chambre Psalmodia, La Psalette de Bruxelles vous proposera le programme suivant: \u2013 la \u00ab Deutsche Messe \u00bb et le \u00ab Salve Regina \u00bb de Schubert \u2013 la \u00ab[\u2026]<\/p>\n","protected":false},"author":37,"featured_media":0,"parent":11470,"menu_order":-4,"comment_status":"closed","ping_status":"closed","template":"","meta":{"remove_blocks_before_content":false,"remove_blocks_after_content":false,"disable_reading_progress_bar":false,"_crdt_document":"","footnotes":""},"class_list":["post-10968","page","type-page","status-publish","hentry"],"_links":{"self":[{"href":"https:\/\/www.lapsalettedebruxelles.be\/index.php?rest_route=\/wp\/v2\/pages\/10968","targetHints":{"allow":["GET"]}}],"collection":[{"href":"https:\/\/www.lapsalettedebruxelles.be\/index.php?rest_route=\/wp\/v2\/pages"}],"about":[{"href":"https:\/\/www.lapsalettedebruxelles.be\/index.php?rest_route=\/wp\/v2\/types\/page"}],"author":[{"embeddable":true,"href":"https:\/\/www.lapsalettedebruxelles.be\/index.php?rest_route=\/wp\/v2\/users\/37"}],"replies":[{"embeddable":true,"href":"https:\/\/www.lapsalettedebruxelles.be\/index.php?rest_route=%2Fwp%2Fv2%2Fcomments&post=10968"}],"version-history":[{"count":1,"href":"https:\/\/www.lapsalettedebruxelles.be\/index.php?rest_route=\/wp\/v2\/pages\/10968\/revisions"}],"predecessor-version":[{"id":11480,"href":"https:\/\/www.lapsalettedebruxelles.be\/index.php?rest_route=\/wp\/v2\/pages\/10968\/revisions\/11480"}],"up":[{"embeddable":true,"href":"https:\/\/www.lapsalettedebruxelles.be\/index.php?rest_route=\/wp\/v2\/pages\/11470"}],"wp:attachment":[{"href":"https:\/\/www.lapsalettedebruxelles.be\/index.php?rest_route=%2Fwp%2Fv2%2Fmedia&parent=10968"}],"curies":[{"name":"wp","href":"https:\/\/api.w.org\/{rel}","templated":true}]}}