{"id":10416,"date":"2014-09-24T13:36:14","date_gmt":"2014-09-24T12:36:14","guid":{"rendered":"http:\/\/www.lapsalettedebruxelles.be\/?page_id=10416"},"modified":"2022-09-14T11:15:54","modified_gmt":"2022-09-14T10:15:54","slug":"2003-2","status":"publish","type":"page","link":"https:\/\/www.lapsalettedebruxelles.be\/?page_id=10416","title":{"rendered":"2003"},"content":{"rendered":"<h3>Vendredi 19 d\u00e9cembre :<\/h3>\n<h4>Ouverture du Village de No\u00ebl \u00e0 Woluwe-Saint-Lambert<\/h4>\n<h3>Samedi 22 novembre :<\/h3>\n<h4>Mariage \u00e0 Notre-Dame de Gr\u00e2ces<\/h4>\n<h3>Samedi 5 avril :<\/h3>\n<h4>Concert commun avec la Chorale Envobel en l&rsquo;\u00e9glise de l&rsquo;Epiphanie \u00e0 Schaerbeek\/Evere<\/h4>\n","protected":false},"excerpt":{"rendered":"<p>Vendredi 19 d\u00e9cembre : Ouverture du Village de No\u00ebl \u00e0 Woluwe-Saint-Lambert Samedi 22 novembre : Mariage \u00e0 Notre-Dame de Gr\u00e2ces Samedi 5 avril : Concert commun avec la Chorale Envobel en l&rsquo;\u00e9glise de l&rsquo;Epiphanie \u00e0 Schaerbeek\/Evere<\/p>\n","protected":false},"author":1,"featured_media":0,"parent":11470,"menu_order":11,"comment_status":"closed","ping_status":"open","template":"","meta":{"remove_blocks_before_content":false,"remove_blocks_after_content":false,"disable_reading_progress_bar":false,"_crdt_document":"","footnotes":""},"class_list":["post-10416","page","type-page","status-publish","hentry"],"_links":{"self":[{"href":"https:\/\/www.lapsalettedebruxelles.be\/index.php?rest_route=\/wp\/v2\/pages\/10416","targetHints":{"allow":["GET"]}}],"collection":[{"href":"https:\/\/www.lapsalettedebruxelles.be\/index.php?rest_route=\/wp\/v2\/pages"}],"about":[{"href":"https:\/\/www.lapsalettedebruxelles.be\/index.php?rest_route=\/wp\/v2\/types\/page"}],"author":[{"embeddable":true,"href":"https:\/\/www.lapsalettedebruxelles.be\/index.php?rest_route=\/wp\/v2\/users\/1"}],"replies":[{"embeddable":true,"href":"https:\/\/www.lapsalettedebruxelles.be\/index.php?rest_route=%2Fwp%2Fv2%2Fcomments&post=10416"}],"version-history":[{"count":1,"href":"https:\/\/www.lapsalettedebruxelles.be\/index.php?rest_route=\/wp\/v2\/pages\/10416\/revisions"}],"predecessor-version":[{"id":11472,"href":"https:\/\/www.lapsalettedebruxelles.be\/index.php?rest_route=\/wp\/v2\/pages\/10416\/revisions\/11472"}],"up":[{"embeddable":true,"href":"https:\/\/www.lapsalettedebruxelles.be\/index.php?rest_route=\/wp\/v2\/pages\/11470"}],"wp:attachment":[{"href":"https:\/\/www.lapsalettedebruxelles.be\/index.php?rest_route=%2Fwp%2Fv2%2Fmedia&parent=10416"}],"curies":[{"name":"wp","href":"https:\/\/api.w.org\/{rel}","templated":true}]}}

<h3>Vendredi 19 décembre :</h3>
<h4>Ouverture du Village de Noël à Woluwe-Saint-Lambert</h4>
<h3>Samedi 22 novembre :</h3>
<h4>Mariage à Notre-Dame de Grâces</h4>
<h3>Samedi 5 avril :</h3>
<h4>Concert commun avec la Chorale Envobel en l&rsquo;église de l&rsquo;Epiphanie à Schaerbeek/Evere</h4>

<p>Vendredi 19 décembre : Ouverture du Village de Noël à Woluwe-Saint-Lambert Samedi 22 novembre : Mariage à Notre-Dame de Grâces Samedi 5 avril : Concert commun avec la Chorale Envobel en l&rsquo;église de l&rsquo;Epiphanie à Schaerbeek/Evere</p>
