{"id":10408,"date":"2014-09-24T13:28:10","date_gmt":"2014-09-24T12:28:10","guid":{"rendered":"http:\/\/www.lapsalettedebruxelles.be\/?page_id=10408"},"modified":"2022-09-14T11:16:58","modified_gmt":"2022-09-14T10:16:58","slug":"2005-2","status":"publish","type":"page","link":"https:\/\/www.lapsalettedebruxelles.be\/?page_id=10408","title":{"rendered":"2005"},"content":{"rendered":"<h3>Samedi 17 d\u00e9cembre :<\/h3>\n<h4>Concert de No\u00ebl commun avec la chanterie \u00ab\u00a0les Moussaillons\u00a0\u00bb en l&rsquo;\u00e9glise Notre-Dame du Finist\u00e8re \u00e0 Bruxelles<\/h4>\n<h3>Vendredi 16 d\u00e9cembre :<\/h3>\n<h4>Ouverture du Village de No\u00ebl \u00e0 Woluwe-Saint-Lambert<\/h4>\n<h3>Samedi 10 d\u00e9cembre :<\/h3>\n<h4>No\u00ebl en bord de Meuse dinantaise (\u00ab\u00a0Deutsche Messe \u00a0\u00bb et No\u00ebls traditionnels \u2013 Concert organis\u00e9 au profit de l&rsquo;ASBL \u00ab\u00a0Solidarit\u00e9 Dinantaise\u00a0\u00bb)<\/h4>\n<h3>Dimanche 2 octobre :<\/h3>\n<h4>Concert commun avec la chorale LA SAGINA en la Coll\u00e9giale de Ciney<\/h4>\n","protected":false},"excerpt":{"rendered":"<p>Samedi 17 d\u00e9cembre : Concert de No\u00ebl commun avec la chanterie \u00ab\u00a0les Moussaillons\u00a0\u00bb en l&rsquo;\u00e9glise Notre-Dame du Finist\u00e8re \u00e0 Bruxelles Vendredi 16 d\u00e9cembre : Ouverture du Village de No\u00ebl \u00e0 Woluwe-Saint-Lambert Samedi 10 d\u00e9cembre : No\u00ebl en bord de Meuse dinantaise (\u00ab\u00a0Deutsche Messe \u00a0\u00bb et No\u00ebls traditionnels \u2013 Concert organis\u00e9 au profit de l&rsquo;ASBL \u00ab\u00a0Solidarit\u00e9[\u2026]<\/p>\n","protected":false},"author":1,"featured_media":0,"parent":11470,"menu_order":9,"comment_status":"closed","ping_status":"open","template":"","meta":{"remove_blocks_before_content":false,"remove_blocks_after_content":false,"disable_reading_progress_bar":false,"_crdt_document":"","footnotes":""},"class_list":["post-10408","page","type-page","status-publish","hentry"],"_links":{"self":[{"href":"https:\/\/www.lapsalettedebruxelles.be\/index.php?rest_route=\/wp\/v2\/pages\/10408","targetHints":{"allow":["GET"]}}],"collection":[{"href":"https:\/\/www.lapsalettedebruxelles.be\/index.php?rest_route=\/wp\/v2\/pages"}],"about":[{"href":"https:\/\/www.lapsalettedebruxelles.be\/index.php?rest_route=\/wp\/v2\/types\/page"}],"author":[{"embeddable":true,"href":"https:\/\/www.lapsalettedebruxelles.be\/index.php?rest_route=\/wp\/v2\/users\/1"}],"replies":[{"embeddable":true,"href":"https:\/\/www.lapsalettedebruxelles.be\/index.php?rest_route=%2Fwp%2Fv2%2Fcomments&post=10408"}],"version-history":[{"count":1,"href":"https:\/\/www.lapsalettedebruxelles.be\/index.php?rest_route=\/wp\/v2\/pages\/10408\/revisions"}],"predecessor-version":[{"id":11474,"href":"https:\/\/www.lapsalettedebruxelles.be\/index.php?rest_route=\/wp\/v2\/pages\/10408\/revisions\/11474"}],"up":[{"embeddable":true,"href":"https:\/\/www.lapsalettedebruxelles.be\/index.php?rest_route=\/wp\/v2\/pages\/11470"}],"wp:attachment":[{"href":"https:\/\/www.lapsalettedebruxelles.be\/index.php?rest_route=%2Fwp%2Fv2%2Fmedia&parent=10408"}],"curies":[{"name":"wp","href":"https:\/\/api.w.org\/{rel}","templated":true}]}}

<h3>Samedi 17 décembre :</h3>
<h4>Concert de Noël commun avec la chanterie « les Moussaillons » en l&rsquo;église Notre-Dame du Finistère à Bruxelles</h4>
<h3>Vendredi 16 décembre :</h3>
<h4>Ouverture du Village de Noël à Woluwe-Saint-Lambert</h4>
<h3>Samedi 10 décembre :</h3>
<h4>Noël en bord de Meuse dinantaise (« Deutsche Messe  » et Noëls traditionnels – Concert organisé au profit de l&rsquo;ASBL « Solidarité Dinantaise »)</h4>
<h3>Dimanche 2 octobre :</h3>
<h4>Concert commun avec la chorale LA SAGINA en la Collégiale de Ciney</h4>

<p>Samedi 17 décembre : Concert de Noël commun avec la chanterie « les Moussaillons » en l&rsquo;église Notre-Dame du Finistère à Bruxelles Vendredi 16 décembre : Ouverture du Village de Noël à Woluwe-Saint-Lambert Samedi 10 décembre : Noël en bord de Meuse dinantaise (« Deutsche Messe  » et Noëls traditionnels – Concert organisé au profit de l&rsquo;ASBL « Solidarité[…]</p>
